{"id":1069,"date":"2015-12-14T14:46:35","date_gmt":"2015-12-14T14:46:35","guid":{"rendered":"http:\/\/www.andreaheller.ch\/?page_id=1069"},"modified":"2026-02-16T10:53:07","modified_gmt":"2026-02-16T10:53:07","slug":"news-2","status":"publish","type":"page","link":"https:\/\/www.andreaheller.ch\/","title":{"rendered":"news"},"content":{"rendered":"\n<p><\/p>\n\n\n\n\n<p><a href=\"http:\/\/eepurl.com\/bZc0dX\" target=\"_blank\" rel=\"noopener noreferrer\">sign up for newsletter<\/a><br>&#8211;<br><a href=\"https:\/\/andreaheller.kleio.com\/\">exhibition views<\/a><br>&#8211;<br><a href=\"https:\/\/andreaheller.kleio.com\/4_werk\">selected works and projects<\/a><br>&#8211;<br><a href=\"https:\/\/www.instagram.com\/halloandreaheller\/?hl=de\">in the making<\/a><br>&#8211;<a href=\"https:\/\/lendroitdelenvers.kleio.com\/\"><br>l&#8217;endroit de l&#8217;envers Residency<\/a><br><a href=\"https:\/\/lendroitdelenvers.kleio.com\/7_support\/14_support-the-residency-project\">Support<\/a><\/p>\n<p>&nbsp;<\/p>\n<p>&#8211;<br>upcoming \/ ongoing :<\/p>\n<p><strong>Alpine Matters Artspace<\/strong><\/p>\n<p><strong>MARLIS SPIELMANN &#8211; cutouts<br><\/strong><strong>ANDREA HELLER &#8211; glass objects<\/strong><\/p>\n<p><strong>ART WEEKEND ANDERMATT 6. &#8211; 8. M\u00e4rz 2026<\/strong><\/p>\n<p>1. Februar &#8211; 31. M\u00e4rz 2026<br>ALPINE MATTER art space, Haus Silva, Furkagasse 8, 6490 Andermatt<\/p>\n<p>More info: <a href=\"https:\/\/www.frederiquehutter.ch\/\">FR\u00c9D\u00c9RIQUE HUTTER art concept<\/a><\/p>\n<p dir=\"auto\"><span class=\"mc-toc-title\">&#8211;<br>past :<\/span><\/p>\n<p class=\"_ap3a _aaco _aacu _aacx _aad7 _aade\" dir=\"auto\">BELETAGE art, books &amp; design <br>19 September \u2013 9 November 2025<br>Launch event: Thursday, 18 September, 5.30\u20138 pm<br>with artworks by Andrea Heller, books by mille pages, and design by Neumarkt 17, initiated by <a href=\"https:\/\/www.frederiquehutter.ch\/\">Fr\u00e9d\u00e9rique Hutter<\/a>.<br>Neumarkt 17 LOFT, Predigergasse 14, Zurich<br>Tue \u2013 Fri 2 \u2013 6.30 pm, Sat 10 am \u2013 5 pm<\/p>\n<p>NEOGEO \u2013 D\u00e9calages f\u00e9minins. <br>Claudia Comte, Athene Galiciadis, Andrea Heller. <br>2.4. &#8211; 6.7. 2025<br>Opening 1.4.<br><a href=\"https:\/\/gs.ethz.ch\/\">Graphische Sammlung der ETH Z\u00fcrich<\/a><br>R\u00e4mistrasse 101, Z\u00fcrich<\/p>\n<p>NEOGEO \u2013 D\u00e9calages f\u00e9minins: Claudia Comte, Athene Galiciadis, Andrea Heller, Sylvie Fleury, Isabelle Cornaro, Ana\u00efs D\u00e9fago<br>Vernissage: 15.5.2025, 18-20h<br><a href=\"https:\/\/www.edition-vfo.ch\/\">Edition VFO<\/a> (Verein f\u00fcr Originalgraphik), Limmatstrasse 268, 8005 -Z\u00fcrich<\/p>\n<p>Sammlung Heiner Hoerni<br>Vernissage 23.5.2025, 18h<br><a href=\"https:\/\/kunstmuseum.tg.ch\/de\/sammlung\/ausstellungen\/vorschau.html\/8698\">Kunstmuseum Thurgau \/ Kartause Ittingen<\/a>,&nbsp;23. Mai 2025 bis 28. September 2025<\/p>\n<p>XYLON Zeitschrift Nr. 180-182<br>Mappenwerk Nr. 13 von Andrea Heller, Hans Rudolf Wehren, S\u00e4mi Ortlieb <strong><br>&#8211;<br><\/strong><span class=\"date-display-range\"><span class=\"date-display-end\">liquid shelter. Andrea Heller &amp; Loredana Sperini<br><\/span><\/span>Kupper Modern, Zwinglistrasse 10, 8004 Z\u00fcrich<br>&#8211;<br>Quilts &amp; Lights<br>curated by Sina Buxtorf. Sina Buxtorf\/Maison Lullin, Clare Goodwin, Andrea Heller, Paul Hance, Claudia &amp; Julia M\u00fcller, Loredana Sperini.<br><a href=\"https:\/\/andreaheller.us13.list-manage.com\/track\/click?u=f54a5510615db1f6cd31dfd13&amp;id=c1544b9231&amp;e=02f48b8c34\" target=\"_blank\" rel=\"noopener\">Loop<\/a>, Weststrasse 118, Z\u00fcrich<br>&#8211;<br>12.1. &#8211; 24.2.2024<br><span class=\"date-display-range\"><span class=\"date-display-end\">Andrea Heller<br><\/span><\/span>Galerie Bernhard Bischoff &amp; Partner<br>Waisenhausplatz 30, Postfach 6259, CH-3001 Bern<br><a href=\"https:\/\/www.bernhardbischoff.ch\">www.bernhardbischoff.ch<\/a> <br>&#8211;<br>\u00abmonotypes shift\u00bb Part II<br>8. Dezember 2023 \u2013 27. Januar 2024<br>Mit neuen Werken von Ralph B\u00fcrgin, C\u00e9dric Eisenring, Andrea Heller, Charlotte Herzig, donna Kukama, Izidora I LETHE und Rebekka Steiger<br><a href=\"https:\/\/www.edition-vfo.ch\/ausstellung-%C2%ABmonotypes-shift%C2%BB-Part-II-35.html\">Edition VFO, Verein f\u00fcr Originalgraphik<\/a><br>Limmatstrasse 268, Z\u00fcrich<br><span class=\"date-display-range\"><span class=\"date-display-end\">&#8211;<br><\/span><\/span>Inauguration \/ Einweihung<br><strong>L&#8217;endroit de l&#8217;envers <\/strong>Residency<br><strong>15. 10. 2023 <\/strong><br><a href=\"https:\/\/chateaudesibra.fr\/contact\" target=\"_blank\" rel=\"noopener\" data-cke-saved-href=\"https:\/\/chateaudesibra.fr\/contact\">Ch\u00e2teau de Sibra<\/a>, <span class=\"LrzXr\">95 Sibra Hameau, 09500 Lagarde, Frankreich<br><\/span>&#8211;<br><strong>\u00e9chos<br><\/strong><span class=\"date-display-range\"><span class=\"date-display-end\">Andrea Heller<\/span><\/span> mit Feipel &amp; Bechameil und Christoph Hefti<br>8. \u2013 24. September 2023<br>FR\u00c9D\u00c9RIQUE HUTTER art concept @ Trittligasse 4, 8001 Z\u00fcrich<br><a href=\"http:\/\/www.frederiquehutter.ch\/\" data-cke-saved-href=\"http:\/\/www.frederiquehutter.ch\/\">www.frederiquehutter.ch<\/a><br>&#8211;<br><strong>MONOTYPES<\/strong><br>Edition VFO in der Kunsthalle Z\u00fcrich<br>21. \u2013 24.09.2023<br><a href=\"https:\/\/www.kunsthallezurich.ch\/de\/ausstellungen\/8147-monotypes-edition-vfo-in-der-kunsthalle-zurich\" target=\"_blank\" rel=\"noopener\" data-cke-saved-href=\"https:\/\/www.kunsthallezurich.ch\/de\/ausstellungen\/8147-monotypes-edition-vfo-in-der-kunsthalle-zurich\">www.kunsthallezurich.ch<\/a><br><a href=\"https:\/\/www.edition-vfo.ch\/\" target=\"_blank\" rel=\"noopener\" data-cke-saved-href=\"https:\/\/www.edition-vfo.ch\/\">www.edition-vfo.ch<\/a><br>&#8211;<br>INHABIT \/ Parafin London (solo)<br>Opening 9.2.23<br><a href=\"https:\/\/www.parafin.co.uk\/exhibitions\/2023\/exhibitions-2023-andrea-heller\">www.parafin.co.uk<\/a><br><span class=\"date-display-range\"><span class=\"date-display-start\">10.02.2023<\/span> \u2013 <span class=\"date-display-end\">25.03.2023<br><\/span><\/span>&#8211;<br>SUBSTRAT \/ Galerie am Platz Eglisau (solo)<br>Opening 19.2.23<br><span class=\"date-display-range\"><span class=\"date-display-start\">19.02.2023<\/span> \u2013 <span class=\"date-display-end\">25.03.2023<\/span><\/span><br>&#8211;<br>FRAGILE \/&nbsp;Sala Viaggiatori, Castasegna \/&nbsp;4.9.2022 &#8211; 23.4.2023 \/&nbsp;www.sala-viaggiatori.ch<br>&#8211;<br><strong>ACCUMULATION I \u2013 III<\/strong><br>Karla die Grosse, Kirchgasse 14, Z\u00fcrich<br>In der Dauerausstellung <strong>\u201eIt\u00b4s a\u2026 Women\u00b4s Women\u00b4s Women`s world!\u201c<\/strong> kuriert von Bettina Meier-Bickel. <br>\u00d6ffentlich zug\u00e4nglich Mo &#8211; Sa 8 &#8211; 22 Uhr | <a href=\"https:\/\/www.karldergrosse.ch\/veranstaltungen\/veranstaltung\/its-a-womens-womens-womens-world-3\/\" target=\"_blank\" rel=\"noopener noreferrer\">www.karldergrosse.ch<\/a><br>&#8211;<br>Cantonale Berne Jura 2022 @ Mus\u00e9e jurassien des Arts Moutier<br>11 d\u00e9cembre 2022 &#8211; 29 janvier 2023<br><a href=\"https:\/\/www.musee-moutier.ch\/\">www.musee-moutier.ch<\/a><br>&#8211;<br>Cantonale Berne Jura 2022 @ Kunstmuseum Thun<span class=\"event_time\"><br><\/span>Ausstellung vom 17. Dezember \u2013 22. Januar 2023<br><a href=\"https:\/\/kunstmuseumthun.ch\/de\/\">www.kunstmuseumthun.ch<\/a><br>&#8211;<br>AUF PAPIER<br>10. und 11. Dezember, 12 \u201316 Uhr, Vernissage: 09.12., 16\u201319 Uhr<br>Christian Denzler, Adem D\u00ebrmaku, Brigitta Gabban, Marco Ganz, Esther Gisler, Andrea Heller, Thomas Kurer, Maria Pomiansky, Libby Raynham, Vreni Spieser<br>Steindruckerei Wolfensberger, Eglistrasse 8, 8004 Zu\u0308rich<br>&#8211;<br><a href=\"https:\/\/kunsthauszofingen.ch\/\">Grenzenlos<\/a><br>Einblicke in eine unbekannte Privatsammlung <br>Kunsthaus Zofingen, General-Guisan-Strasse 12, 4800 Zofingen<br>Ausstellung vom 3. September bis 6. November 2022<br><a href=\"https:\/\/kunsthauszofingen.ch\/2022\/grenzenlos-2\/\">www.kunsthauszofingen.ch<\/a><br>&#8211;<br>Aargauer Kunsthaus, Aargauerplatz, 5001 Aarau<br>Er\u00f6ffnung Samstag 14. Mai, 17 &#8211; 22 Uhr<br><strong>DAVOR. DARIN. DANACH. <\/strong>Die Sammlung im Wandel.<br>Ausstellung vom 15.05.22 \u2013 07.08.22<br><a href=\"https:\/\/www.aargauerkunsthaus.ch\/ausstellungen\" target=\"_blank\" rel=\"noopener noreferrer\">www.aargauerkunsthaus.ch<\/a><br>&#8211;<br>Neue Werke im <strong>Showroom von Fr\u00e9d\u00e9rique Hutter | art concept<\/strong> in Z\u00fcrich zu sehen. Nach Vereinbarung: <a href=\"https:\/\/www.frederiquehutter.ch\/\" target=\"_blank\" rel=\"noopener noreferrer\">www.frederiquehutter.ch<\/a><br>&#8211;<br>Dienstgeb\u00e4ude Art Space Z\u00fcrich, <span class=\"schwarz12\">T\u00f6pferstrasse 26, 8045 Z\u00fcrich <\/span><br><strong>EYES NEED US TO SEE<br><\/strong>Gruppenausstellung mit Patricia Bucher, Ren\u00e9 Fahrni, Andrea Heller, Aldo Mozzini, Marion Ritzmann, Heiko Blankenstein.<br>Ausstellung vom 13.5.22 &#8211; 12.6.22<br>F\u00fcr weitere Infos: <a href=\"http:\/\/www.dienstgebaeude.ch\/\" target=\"_blank\" rel=\"noopener noreferrer\">www.dienstgebaeude.ch<\/a><br>&#8211;<br>\u201eCorona Call\u201c, Fondation Louis Moret, Martigny<br>&#8211;<br><strong>SECRET OF LIGHTNESS<\/strong><br>Parafin, London<br>Group show with Andrew Pierre Hart, Tim Head, Andrea Heller, Laurence Kavanagh, Aim\u00e9e Parrott.<br>Curated by Louisa Hunt. Until 14 April 2022<br>PARAFIN, 18 Woodstock Street, London W1C 2AL, +44 (0)20 7495 1969, <a href=\"http:\/\/www.parafin.co.uk\/exhibitions--2022--secret-of-lightness.html\" target=\"_blank\" rel=\"noopener noreferrer\">www.parafin.co.uk<\/a><br><span class=\"mc-toc-title\">&#8211;<br><\/span><strong>SCH\u00d6N<br>27.11. \u2013 29.1.2022<\/strong><br><span class=\"mc-toc-title\">Adam Thompson, Adrian Ehrat, Alexis Saile, Andrea Heller, Bastien Aubry, Dieter Hall, Dominique L\u00e4mmli, Evelyne Z\u00fcrcher, Felicita Felley, Flavia Horat, Florian Kalotay, Giuda (Judas der Maschine), Jessie Fischer, Jiajia Zhang, Johannes Gees, June Fischer, Katja Jug, Katja Schenker, Kevin Fries, Latefa Wiersch, Leila Peacock, Loredana Sperini, Marilin Brun, Markus Kummer, Maud Ch\u00e2telet, Monika Stalder, Odd Beholder, Patric Sandri, Roman Selim Khereddine, Ruth Erdt, Silvio Waser, Una Szeemann, Urs August Steiner, Vroni von Manz, Yves Suter<br><strong>SCH\u00a8N, <\/strong><\/span><strong>Sch\u00f6ntalstrasse 21, 8004 Z\u00fcrich&nbsp;<\/strong><br><span class=\"mc-toc-title\"><a href=\"https:\/\/kleio.us7.list-manage.com\/track\/click?u=80e05a4b91f898b57e01a4d36&amp;id=f8b89e9eed&amp;e=a63e5c34b7\" target=\"_blank\" rel=\"noopener noreferrer\">www.schn.ch<\/a><br><\/span><span class=\"mc-toc-title\">&#8211;<\/span><span class=\"mc-toc-title\"><br>Kunstmuseum Olten<br><\/span>28. November 2020 bis Ende 2021<br><span class=\"mc-toc-title\">Das Kuratierte Kunstkabinett<br>StudioK3&#8217;s curated Art Cabinet. Works fresh from the studio by artists featured on StudioK3&#8217;s online platform <a href=\"https:\/\/www.studiok3.ch\/sales\">www.studiok3.ch<\/a><\/span><strong><span class=\"mc-toc-title\"><br><a href=\"https:\/\/www.kunstmuseumolten.ch\/\" target=\"_blank\" rel=\"noopener noreferrer\">Kunstmuseum Olten<\/a><\/span>, <\/strong>Kirchgasse 8, CH &#8211; 4600 Olten<br>&#8211;<br>Kunsthalle 8000<br><span class=\"date-display-range\"><span class=\"date-display-start\">30. April bis<\/span>&nbsp;<\/span><span class=\"date-display-range\"><span class=\"date-display-end\">17. Juli 2021<\/span><\/span><br>Volume 5&nbsp;<br>Brigham Baker, Irene D\u00fcring, Andrea Heller, Ilona Ruegg, Annelies \u0160trba<br>Zur gleichen Zeit in der Kunsthalle 8000<br>Germann Lorenzi &#8211; Punktlicht<br>Luigi Archetti &#8211; Apodemica I &#8211; III<br>Telos Stiftung, Zugerstrasse 180 CH-8820 W\u00e4denswil<br><span class=\"mc-toc-title\"><a href=\"https:\/\/kunsthalle8000.ch\/volume-5\" target=\"_blank\" rel=\"noopener noreferrer\">www.kunsthalle8000.ch<\/a><br>&#8211;<br><\/span>Zimmermannhaus<br>8. Mai bis\u200613. Juni 2021<br>Latitude<br>Andrea Heller (Solo)<br>Ursula Rutishauser (Solo)<br>Zimmermannhaus, Vorstadt 19, CH-5200 Brugg<br><a href=\"https:\/\/zimmermannhaus.ch\/A_21_01_RutishauserHeller\">www.zimmermannhaus.ch<\/a><br>:<br><span style=\"color: #000000;\">BONUS TRACK 07: Am Sonntag 13. Dezember \u00fcbernehmen 16 weitere K\u00fcnstler*innen zum letzten Mal die Vitrinen an der M\u00fcllerstrasse 71.<\/span><span style=\"color: #000000;\"><br><\/span><a href=\"https:\/\/www.kunsthausaussersihl.ch\/Aktuell\">Kunsthaus Aussersihl<\/a><br>:<\/p>\n<p><iframe loading=\"lazy\" title=\"Edition VFO Podcast 05: Andrea Heller by Edition VFO Art Podcast\" width=\"1200\" height=\"400\" scrolling=\"no\" frameborder=\"no\" src=\"https:\/\/w.soundcloud.com\/player\/?visual=true&#038;url=https%3A%2F%2Fapi.soundcloud.com%2Ftracks%2F932758789&#038;show_artwork=true&#038;maxheight=1000&#038;maxwidth=1200\"><\/iframe><\/p>\n<p>When color becomes form<br>Vanessa Billy, Raphael Hefti, Andrea Heller, Federico Herrero, Ren\u00e9e Levi, Niklaus R\u00fcegg<br>September 11, 2020 to January 16, 2021<br>edition vfo<br>Verena-Conzett-Strasse 7<br>8004 Z\u00fcrich<br><a href=\"https:\/\/andreaheller.us13.list-manage.com\/track\/click?u=f54a5510615db1f6cd31dfd13&amp;id=b4cfa2fb17&amp;e=02f48b8c34\" target=\"_blank\" rel=\"noopener noreferrer\">https:\/\/www.edition-vfo.ch\/artist\/index\/detail\/id\/250-Andrea-Heller\/<\/a><br>:<br>Catalogue Kunsthaus Centre d&#8217;art Pasquart, Biel\/Bienne<br>2019, Ed. Verlag f\u00fcr moderne Kunst GmbH, Wien\/Vienna<br>ISBN: 978-3-903269-94-1<br>texts: Olivier Kaeser, Felicity Lunn, Aoife Rosenmeyer<br>design: superb\u00fcro, Biel\/Bienne<br>languages: German\/English\/French<br>details: Paperback, 33 x 24 cm, approx. 80 pages, approx. 35 ills.<br><a href=\"https:\/\/vfmk.org\/shop\/andrea-heller\" target=\"_blank\" rel=\"noopener noreferrer\">https:\/\/vfmk.org\/shop\/andrea-heller<\/a><br>:<br><a class=\"text-link\" href=\"https:\/\/www.frederiquehutter.ch\/artists_relations\/andrea-heller\/\" target=\"_blank\" rel=\"noopener noreferrer\">Andrea Heller<\/a> (solo)<br>&amp; im Kabinett: \u2019sur papier\u2018 (group)<br>Anya Belyat-Giunta (RU) &nbsp;| Elisabeth Llach (CH) | Poorvi Sultania (IN)&nbsp; <br>Er\u00f6ffnung 20. Oktober 2020, 18.00 \u2013 21.00 Uhr<br>21. Oktober \u2013 01. November 2020<br><a href=\"https:\/\/www.frederiquehutter.ch\/\">Fr\u00e9d\u00e9rique Hutter \/ Art Concept<\/a><br>Trittligasse 4 | 8001 Z\u00fcrich<br>:<br>Handle with care!<br>Vera Trachsel, Nicolas Polli, Douglas Mandry, Andrea Heller<br>Kuratiert von Elio Schenini.<br>05.09.\u201325.10.2020<br>Casa Serodine, Ascona<br><a href=\"https:\/\/www.museoascona.ch\/it\/esposizioni\/handle-with-care\">https:\/\/www.museoascona.ch\/it\/esposizioni\/handle-with-care<\/a><br>:<br><a href=\"https:\/\/www.ninakeel.com\/\">Die Moderne im Kleinen.<\/a><br>Eine sinnliche Architekturausstellung \u00fcber die 1930er Jahre in St.Gallen. Mit Interventionen von Siegrun Appelt, Felix B\u00e4chli, Andrea Heller, Nadine Kunz, Martin Leuthold. Kuratiert von Nina Keel.<br>20. Juni \u2013 18. Juli 2020<br>Linsenb\u00fchlbau, Linsenb\u00fchlstrasse 25, St.Gallen<br>\u00d6ffnungszeiten: Donnerstag, 15\u201320 Uhr, Freitag, 12\u201317h, Sa &amp; So 13h\u201317h<br>:<br><span class=\"mc-toc-title\"><span class=\"st\">Andrea Heller awarded with the Prix Maud Mottier 2019<\/span><\/span><br>:<br>Andrea Heller (solo)<br>7.7. \u2013 8.9.2019<br>Kunsthaus Centre d&#8217;art Pasquart, Biel-Bienne<br><a href=\"https:\/\/www.pasquart.ch\/event\/andrea-heller\/\" target=\"_blank\" rel=\"noopener noreferrer\">https:\/\/www.pasquart.ch\/event\/andrea-heller\/<\/a><br>:<br>&#8220;quiet bliss &#8211; stilles Gl\u00fcck&#8221; \u2013 17. M\u00e4rz bis 1. Juni 2019<br>Fabien Clerc, Marianne Engel, Thomas Flechtner,<br>Andrea Heller, Claudio Moser.<br>kuratiert von Nathalie Ritter und Thomas Schmutz<br>Kunstraum Medici,<br>R\u00f6merstrasse 1, 4500 Solothurn<br><a href=\"https:\/\/www.kunstraum-medici.ch\/\" target=\"_blank\" rel=\"noopener noreferrer\">www.kunstraum-medici.ch<\/a><br>:<br>Ernte 18<br>18.11.2018 \u2014 6.1.2019<br>Museum zu Allerheiligen, CH-8200 Schaffhausen<br><a href=\"https:\/\/www.allerheiligen.ch\/de\/\" target=\"_blank\" rel=\"noopener noreferrer\">www.allerheiligen.ch<\/a><br>:<br>Andrea Heller \/ Dominik Stauch<br>\u2039gaze-tracking\u203a<br>Galerie Bernhard Bischoff, Bern<br>Er\u00f6ffnung Donnerstag 24.5.2018, 18-20h<br>25.5. \u2013 30.6.2018<br><a href=\"http:\/\/www.bernhardbischoff.ch\/gal\/index.php?id=461\" target=\"_blank\" rel=\"noopener noreferrer\">www.bernhardbischoff.ch<\/a><br>:<br>Andrea Heller \/ Dominik Stauch<br>\u2039track-gazing\u203a<br>Kunstraum Oktogon, Bern<br>Er\u00f6ffnung Samstag 26.5.2018, 11-15h<br>26.5. \u2013 30.6.2018<br><a href=\"http:\/\/www.kunstraum-oktogon.ch\/archiv\/ausstellungen\/\" target=\"_blank\" rel=\"noopener noreferrer\">www.kunstraum-oktogon.ch<\/a><br>:<br>The Wall @ Kunstgriff bookshop, Limmatstrasse 270, 8005 Z\u00fcrich.<br><a href=\"https:\/\/www.kunstgriff.ch\/pages\/the-wall\" target=\"_blank\" rel=\"noopener noreferrer\">Kunstgriff \u2013 The Wall<\/a><br>April &#8211; June 2018<br>:<br>MK2 &#8211; Zw\u00f6lf Positionen zeitgen\u00f6ssischer Malerei<br>Zeughaus Uster<br>John Beech (USA), Reto Boller (CH), Jan Czerwinski (CH), Andrea Heller (CH), Velimir Ili\u0161evi\u0107 (CH), Rachel Lumsden (CH), Clio Newton (USA\/CH), L\u00e9opold Rabus (CH), Martin Reukauf (CH), Felix Studinka (CH), Stephan Jon Tram\u00e8r (CH), Frank oude Weernink (NL)<br>Vernissage: 24. Mai 2018, 18h<br>:<br>Cantonale Berne Jura<br>Kunsthaus Centre d&#8217;Art Pasquart, Biel\/Bienne 03.12.17 \u2192\u200914.01.18, Vernissage: Sa, 02.12.2017, 17.00 h<br>Kunsthaus Langenthal 07.12.17 \u2192\u200914.01.18<br>:<br>Museum Haus Konstruktiv Z\u00fcrich<br>EIN AUGENSCHEIN VON 1944\u20132017<br>Ausgew\u00e4hlte Werke der Kunstsammlung des Kantons Z\u00fcrich.<br>Vernissage: Mi 20.9. 18 Uhr \/ Ausstellungsdauer 21.9.\u20131.10.<br>Konzept von Susanna Kulli, Kunstvermittlerin und ehemalige Galeristin, und Anna Vetsch, Kunsthistorikerin.<br>:<br>PORZELLAN &amp; GOLD \u2026STILL GOING STRONG<br>Er\u00f6ffnung Do 5. Oktober \/ 18 Uhr<br>Stadtgalerie Bern, PROGR, Waisenhausplatz 30, 3011 Bern<br>5. 10.\u201428. 10. 17 \u2013 Mi\u2014Fr: 14\u201418 Uhr \/ Sa: 12\u201416 Uhr<br><a href=\"http:\/\/www.bern.ch\/politik-und-verwaltung\/stadtverwaltung\/prd\/abteilung-kulturelles\/stadtgalerie\" target=\"_blank\" rel=\"noopener noreferrer\">www.stadtgalerie.ch<\/a><br>:<br>&#8230;<\/p>","protected":false},"excerpt":{"rendered":"<p>sign up for newsletter&#8211;exhibition views&#8211;selected works and projects&#8211;in the making&#8211;l&#8217;endroit de l&#8217;envers ResidencySupport &nbsp; &#8211;upcoming \/ ongoing : Alpine Matters Artspace MARLIS SPIELMANN &#8211; cutoutsANDREA HELLER &#8211; glass objects ART WEEKEND ANDERMATT 6. &#8211; 8. M\u00e4rz 2026 1. Februar &#8211; 31. M\u00e4rz 2026ALPINE MATTER art space, Haus Silva, Furkagasse 8, 6490 Andermatt More info: FR\u00c9D\u00c9RIQUE [&hellip;]<\/p>\n","protected":false},"author":2,"featured_media":0,"parent":0,"menu_order":0,"comment_status":"closed","ping_status":"closed","template":"","meta":{"ngg_post_thumbnail":0,"footnotes":""},"class_list":["post-1069","page","type-page","status-publish","hentry"],"_links":{"self":[{"href":"https:\/\/www.andreaheller.ch\/index.php?rest_route=\/wp\/v2\/pages\/1069","targetHints":{"allow":["GET"]}}],"collection":[{"href":"https:\/\/www.andreaheller.ch\/index.php?rest_route=\/wp\/v2\/pages"}],"about":[{"href":"https:\/\/www.andreaheller.ch\/index.php?rest_route=\/wp\/v2\/types\/page"}],"author":[{"embeddable":true,"href":"https:\/\/www.andreaheller.ch\/index.php?rest_route=\/wp\/v2\/users\/2"}],"replies":[{"embeddable":true,"href":"https:\/\/www.andreaheller.ch\/index.php?rest_route=%2Fwp%2Fv2%2Fcomments&post=1069"}],"version-history":[{"count":242,"href":"https:\/\/www.andreaheller.ch\/index.php?rest_route=\/wp\/v2\/pages\/1069\/revisions"}],"predecessor-version":[{"id":2063,"href":"https:\/\/www.andreaheller.ch\/index.php?rest_route=\/wp\/v2\/pages\/1069\/revisions\/2063"}],"wp:attachment":[{"href":"https:\/\/www.andreaheller.ch\/index.php?rest_route=%2Fwp%2Fv2%2Fmedia&parent=1069"}],"curies":[{"name":"wp","href":"https:\/\/api.w.org\/{rel}","templated":true}]}}